econd derivative of m**3/6 + m. Suppose -21 = -6*h + 39. Suppose h - 4 = 2*v. What is f(v)?
3
Let k(s) = -s**2 + 9*s - 12. Let g be k(7). Let w(y) be the third derivative of 0*y + 0 - y**2 + 1/24*y**4 + g*y**3. Give w(-6).
6
Let b be 8/((16/(-28))/((-4)/14)). Let l(n) = 3*n + n + 0*n - 3*n - b. Calculate l(0).
-4
Let d(i) = i**3 - 8*i**2 + 7*i - 3. Let m be 57/10 - (-93)/310. Give d(m).
-33
Let k be -1 - (-2 + 4 + -1). Let r(z) = -3*z + 6. Let m = 78 - 82. Let t(p) = -p + 1. Let a(f) = m*t(f) + r(f). Determine a(k).
0
Let z(v) be the first derivative of -2*v**3 + 3*v**2/2 - v + 140. Give z(2).
-19
Suppose 138*q - 256 = -43*q + 106. Suppose -5 = -4*x + r, -4*x - 3*r = -2*r - 11. Let y(l) = -l + l**3 - 2*l**2 - 3 + 1 + l**x. Give y(q).
0
Let b(s) = s - 1. Suppose 9*c = 4*c. Suppose c - 6 = 2*n. Let h be -3 - ((-6)/n - 4). Give b(h).
-2
Let o(a) = -a**3 - 7*a**2 - a + 1. Suppose -q = u + 12, 4*q + 0*q = -12. Let k be (-3 + u)/(-4) - 10. Determine o(k).
8
Let z(c) = 4*c + 7*c - 9*c - c**2 + c - 15*c**3 - 2 + 18*c**3. Determine z(1).
3
Let r(f) = -2*f + 3. Let j = -3 - -6. Suppose 3*g - 2 - 4 = 0. Suppose 3*c - j = 4*w - w, -g*c = -3*w. What is r(c)?
-3
Let l(k) be the third derivative of -k**6/120 - k**5/12 + k**4/6 - 4*k**3/3 - 14*k**2. Determine l(-6).
4
Let d(w) = w**3 - 6*w**2 + 7*w - 6. Let u(f) = -5*f**2 + 3*f + 1. Let x(a) = 10*a**2 - 6*a - 3. Let h(y) = 5*u(y) + 3*x(y). Let b be h(-1). Determine d(b).
-10
Let y be 2/(-3) + (-84)/(-18). Let o(j) = -2 - j**2 + y - 2 + 1. Give o(4).
-15
Let b(g) be the second derivative of -40*g + 1/2*g**3 - 3*g**2 + 0. Suppose -2*d = -3*d + 4. Calculate b(d).
6
Let k(o) = 5*o**2 + o + 1. Let g be -3 + (-43 - -3) + (-4 - -3). Let w = g - -42. Calculate k(w).
19
Let h(s) = -s**2 - 6*s - 2. Let d = 148 + -154. Give h(d).
-2
Let g(p) be the first derivative of 0*p + 6 - 1/2*p**2. Let n(r) = -2*r**3 + 3*r**2 + 1. Let x(w) = g(w) + n(w). Determine x(2).
-5
Suppose 3*f - 2*r - 31 = 3*r, 1 = f + 3*r. Suppose -15*k + 23 = -f. Let w(v) be the third derivative of v**5/20 - v**4/6 + v**3/2 + v**2. Determine w(k).
7
Let d be 10/6*(-5 - -8). Suppose 2*o - 6*o = 20, -4*o - 45 = -d*x. Let v(u) = -u + 2. Give v(x).
-3
Let a be 7 + ((-30)/25)/((-4)/(-20)). Let u(c) = -24*c**2 - c - 1. Calculate u(a).
-26
Let d be (-2)/(1 + -1 + -2). Suppose -7*k - 176 + 169 = 0. Let i be d/(0 - k/4). Let g(t) = 3*t + 2. Determine g(i).
14
Let u(f) = f**2 + 14*f + 16. Let h be u(-14). Let g(i) = -i**3 + 5*i**2 + 19 - h*i**2 + 12*i**2. Calculate g(0).
19
Let y(r) be the first derivative of 13 - 4*r**2 + 4*r + 1/3*r**3. Calculate y(8).
4
Suppose 4*s + 2*q + 2 - 56 = 0, 0 = 5*q - 5. Let i(z) = -1 + s - 4 + z - z**2. Calculate i(0).
8
Suppose 8*u = 5*u - 6. Let k(o) = o - 15. Let n(b) = 3*b - 31. Let s(t) = u*n(t) + 5*k(t). Calculate s(-7).
-6
Let p(j) = -10*j + 2*j + 4*j + 2*j + 3. Calculate p(8).
-13
Let t(q) = 15*q + 1. Let d(o) = 2*o - 11*o + 3*o + o. Let r(g) = 7*d(g) + 2*t(g). Calculate r(4).
-18
Let q be -17 + (-1305)/(-75) - (-16)/10. Let l(k) = -k**3 - k**2. Calculate l(q).
-12
Let u be 2/2*(-4)/2. Let g(n) be the first derivative of -2*n**3/3 - n**2 + 2*n - 35. Let k be g(u). Let j(q) = 4*q**2 + q - 1. Determine j(k).
13
Let t(q) = -6*q + 7*q - 4*q**2 - 4 + 0*q**2 + 7*q + 3*q**2. Let s = 9 + -3. Determine t(s).
8
Let y(l) be the first derivative of -l**4/4 - 5*l**3/3 - l**2/2 - 4*l + 103. Let q(b) = -2*b - 1. Let i be q(2). What is y(i)?
1
Let b(u) = u + 1. Suppose 4*r + 6 = 70. Let s be 39/12 + (-4)/r. Let h = s - -3. Calculate b(h).
7
Suppose -3*k = s + 1 + 11, -5*s - 10 = 5*k. Let m(h) = -s*h - 7 + 2 + 6 + 2*h. Calculate m(0).
1
Suppose 0 = 2*x + 34 + 36. Let k = x + 40. Let f(w) = 5*w**2 + 5*w - 3*w**2 - 3*w**2 + w + 3. Calculate f(k).
8
Let u(t) = -t**2 + 2. Let s(o) = -6*o**2 + 2*o + 12. Let a(v) = -2*s(v) + 14*u(v). Determine a(-4).
-12
Let c(m) = -m**3 - 5*m**2 + 4*m - 3. Let j = 864 - 869. What is c(j)?
-23
Let q(b) be the third derivative of b**6/120 + b**5/12 + b**4/8 + b**2. Suppose -17*a + 20*a = -12. Let t be 77/(-28) - (-1)/a. Determine q(t).
9
Let i(h) = -h**2 - h + 4*h**2 + 4*h**2. Calculate i(1).
6
Let a(m) = m**2 - m + 2. Let o(k) = -k**3 - 6*k**2 - 10*k + 20. Let t(z) = 4*a(z) - o(z). Give t(-9).
15
Let o(v) = -3*v**3 - 4*v**2 + 6*v - 6. Let d(c) = c**3 - c + 2. Let w(s) = -4*d(s) - o(s). What is w(3)?
1
Let v(t) = -t**3 - 5*t**2 + 4*t - 8. Let b be v(-6). Let r = 323 - 321. Suppose -3 = r*f - 5*i, -3*f + i + b = 2*i. Let p(w) = 7*w**2 + 2*w - 1. Calculate p(f).
8
Let r(y) = y**3 - 20*y**2 + 38*y - 31. Let f be r(18). Let p(s) = s**3 - 6*s**2 + 6*s - 1. Determine p(f).
4
Let n(b) = b**2 + 13*b - 4. Let j be n(-14). Let f(g) = g**2 - 11*g + 8. What is f(j)?
-2
Let f(b) = b**3 + 7*b**2 - b - 9. Let m = 501 + -508. Determine f(m).
-2
Let x(p) = 2*p**2 + 12*p + 3. Let m(l) = -l**3 - 21*l**2 - 38*l - 7. Let k be m(-19). Give x(k).
17
Let g = 649 + -649. Let a(v) be the third derivative of 1/12*v**5 - 7*v**2 + 0*v**4 + 0*v + 1/120*v**6 + g + 2/3*v**3. Calculate a(-5).
4
Let p(g) = 31*g + 204. Let v(x) = -42*x - 272. Let u(w) = -11*p(w) - 8*v(w). What is u(-13)?
-3
Suppose -3*u = -17 - 16. Let a(s) = s**2 - 12*s + 15. Give a(u).
4
Let l(t) be the second derivative of -t**6/720 + t**5/20 - 5*t**4/2 - 26*t. Let m(p) be the third derivative of l(p). Give m(5).
1
Let n(l) = -l**3 - 4*l**2 + 7*l + 2. Let z(i) = -4*i - 133. Let h be z(-32). What is n(h)?
-8
Let f(r) = -25*r + 149. Let m be f(6). Let i(x) = -33*x**2 + 3*x + 2. Determine i(m).
-34
Let d(t) = -3*t**2 + 3*t + 9. Let q(a) = 5*a**2 - 7*a - 17. Let s(i) = 7*d(i) + 4*q(i). Calculate s(-5).
5
Let m(a) = 4*a - 5 - 12*a**2 + 2*a**2 - a**3 + 0*a**2. Let y(p) = -p**3 - 11*p**2 + 4*p - 6. Let t(s) = -6*m(s) + 5*y(s). What is t(-6)?
-12
Let g(b) = 2*b - 5. Let h(d) = 2. Let k(p) = -g(p) + 2*h(p). Give k(7).
-5
Let l(f) be the first derivative of 1/4*f**4 + 37 - f**2 + 0*f**3 - 2*f. Give l(-2).
-6
Let c(z) = z**3 - 2*z**2 - 3*z + 2. Suppose 113 - 26 = 29*w. What is c(w)?
2
Let l(q) = -20*q**2 + q - 1. Let u(p) = p**2 - p + 1. Let j(v) = -4*v**2 + 31*v + 19. Let g(a) = -j(a) - 5*u(a). Let t be g(-25). Determine l(t).
-20
Let s(z) = -z**3 + 13*z**2 - 13*z + 10. Let q = -76 + 88. Give s(q).
-2
Let y(q) = -q**3 + 3. Let v(k) = k**2 - 15*k - 16. Let n be 16/(5/(-15)*-3). Let x be v(n). Determine y(x).
3
Let a be (-2)/(4 - (-56)/(-12)). Let q(o) = a*o**2 - 2*o**2 - 8 - 2*o**2 + 4 - 7*o. Let j = -7 - -4. Determine q(j).
8
Let f = 1 + -2. Let b(d) be the third derivative of -d**6/40 + d**3/6 - 245*d**2 - d. Calculate b(f).
4
Let o be 10/6*-9*-1. Let c(s) = -3*s + 42. Determine c(o).
-3
Let a(p) = p**2 + 6*p + 6. Let g be a(-5). Let m(l) = 3*l**2 + g + 2 - 1 - l**3. Determine m(2).
6
Let m(v) be the third derivative of v**5/60 - 5*v**4/24 + v**3/6 - 32*v**2. Suppose -11 + 23 = 4*d. Give m(d).
-5
Let b(f) = 8*f**2 + f - 1. Let q(r) = 4*r + 38. Let a be q(-9). Suppose -11*k - a*k = -13. What is b(k)?
8
Let g = 26 - 26. Suppose -3*r = -g*r + 21. Let j(k) be the second derivative of k**5/20 + k**4/2 - 4*k**3/3 - 7*k**2/2 - 4*k. Determine j(r).
0
Suppose 0 = -22*z + 27*z - 15. Let w(y) = -8*y**z - 1 - 3*y**2 - 1 + 7*y**3. What is w(-3)?
-2
Let f(p) = -p**3 - 6*p**2 - 6*p - 10. Let t be -6*(12/(-15))/(12/(-10)). Determine f(t).
-18
Let t(i) be the second derivative of -i**5/20 + i**4/12 - i**3/6 + 2*i**2 - i. Let r be t(0). Suppose 0*d = -r*d + 28. Let n(a) = a - 8. Determine n(d).
-1
Let z(n) = -3*n + 12. Let h(f) = -2*f - 21. Let m be h(-12). Suppose 3*l - 24 = -x, x + 5 = l - m. What is z(l)?
-12
Let z(v) = 6*v - 10*v - 12 + 3*v. Let x be z(-9). Let p(g) = 2*g - 1. What is p(x)?
-7
Suppose -3*h + 16 = -q, -h - 5*q + 41 - 9 = 0. Let j(p) = -p**2 + 6*p + 2. Let f be j(h). Let n(s) = -s**2 - 7*s - 2. Give n(f).
8
Let u(k) = -3 - 9 - 4*k - 13 + 31. Determine u(3).
-6
Let b be 132/11*((-1)/(-3))/1. Let y(v) be the second derivative of 1/6*v**4 + 0 + 0*v**3 - v**2 - b*v. Determine y(-2).
6
Let a(g) = g + 1. Let t(n) = n**3 - 12*n**2 + 3*n + 15. Let u(m) = 4*a(m) - t(m). Give u(12).
1
Let x(g) = 5*g**3 - 35*g**2 - 4*g - 3. Let d(a) = -a**3 + 2*a**2 + a - 1. Let v(p) = 4*d(p) + x(p). Calculate v(27).
-7
Let l(r) = -r**2 - 6*r - 3. Let s(m) = -2*m - 14. Let v be s(-5). Let z be l(v). Let k(o) = 